{"id":13,"date":"2025-11-02T13:34:00","date_gmt":"2025-11-02T13:34:00","guid":{"rendered":"https:\/\/a-schwarzkopf.de\/?page_id=13"},"modified":"2025-11-02T13:34:00","modified_gmt":"2025-11-02T13:34:00","slug":"startseite","status":"publish","type":"page","link":"https:\/\/wachundwerkschutz.de\/","title":{"rendered":"Startseite"},"content":{"rendered":"<section class=\"l-section wpb_row height_medium\"><div class=\"l-section-h i-cf\"><div class=\"g-cols vc_row via_grid cols_1 laptops-cols_inherit tablets-cols_inherit mobiles-cols_1 valign_top type_default stacking_default\"><div class=\"wpb_column vc_column_container\"><div class=\"vc_column-inner\"><div class=\"g-cols wpb_row via_grid cols_1 laptops-cols_inherit tablets-cols_inherit mobiles-cols_1 valign_top type_default stacking_default\" style=\"--columns-gap:3rem;\"><div class=\"wpb_column vc_column_container\"><div class=\"vc_column-inner\"><div class=\"w-hwrapper valign_top align_center\" style=\"--hwrapper-gap:60px\"><div class=\"w-image align_left\"><div class=\"w-image-h\"><img decoding=\"async\" width=\"1406\" height=\"497\" src=\"https:\/\/wachundwerkschutz.de\/wp-content\/uploads\/2026\/03\/WUWStartseite1.jpg\" class=\"attachment-full size-full\" alt=\"\" loading=\"lazy\" srcset=\"https:\/\/wachundwerkschutz.de\/wp-content\/uploads\/2026\/03\/WUWStartseite1.jpg 1406w, https:\/\/wachundwerkschutz.de\/wp-content\/uploads\/2026\/03\/WUWStartseite1-300x106.jpg 300w, https:\/\/wachundwerkschutz.de\/wp-content\/uploads\/2026\/03\/WUWStartseite1-1024x362.jpg 1024w, https:\/\/wachundwerkschutz.de\/wp-content\/uploads\/2026\/03\/WUWStartseite1-768x271.jpg 768w\" sizes=\"auto, (max-width: 1406px) 100vw, 1406px\" \/><\/div><\/div><\/div><\/div><\/div><\/div><div class=\"g-cols wpb_row via_grid cols_1 laptops-cols_inherit tablets-cols_inherit mobiles-cols_1 valign_top type_default stacking_default\" style=\"--columns-gap:3rem;\"><div class=\"wpb_column vc_column_container\"><div class=\"vc_column-inner\"><\/div><\/div><div class=\"wpb_column vc_column_container\"><div class=\"vc_column-inner\"><\/div><\/div><\/div><div class=\"wpb_text_column\"><div class=\"wpb_wrapper\"><p style=\"text-align: center;\"><strong>Wach- und Werkschutz GmbH &#8211; Wir sind f\u00fcr Sie da in Sachen Wach- und Werkschutz<\/strong><\/p>\n<p style=\"text-align: left;\"><strong>Herzlich willkommen bei der WuW &#8211; Wach- und Werkschutz GmbH.<\/strong><br \/>\nSeit 1986 steht die WUW Wach- und Werkschutz GmbH aus Wilhelmshaven f\u00fcr ma\u00dfgeschneiderte und zuverl\u00e4ssige Sicherheitsdienstleistungen &#8211; bundesweit und immer individuell auf Ihre Bed\u00fcrfnisse zugeschnitten<\/p>\n<p style=\"text-align: left;\"><strong>Unsere Leistungen f\u00fcr Ihren Schutz<\/strong><\/p>\n<p>Wir bieten Ihnen umfassende Sicherheitsdienste mit Fokus auf<\/p>\n<ul>\n<li><strong>Pf\u00f6rtnerei<\/strong> &#8211; Professioneller Empfangs- und Zutrittsdienst<\/li>\n<li><strong>Revierdienst<\/strong> &#8211; Kontrollg\u00e4nge und \u00dcberwachung von Arealen<\/li>\n<li><strong>Objektschutz<\/strong> &#8211; Schutz von Geb\u00e4uden, Anlagen und Firmengel\u00e4nden<\/li>\n<li><strong>Schlie\u00dfdienste<\/strong> &#8211; Sicherstellung und Kontrolle von Schlie\u00dfsystemen<\/li>\n<\/ul>\n<p style=\"text-align: left;\"><strong>Warum WuW Wach- und Werkschutz GmbH<\/strong><\/p>\n<ul>\n<li>Erfahrung seit 1986<\/li>\n<li>Fachkundiges, geschultes Sicherheitspersonal<\/li>\n<li>Individuelle Sicherheitskonzepte nach Kundenwunsch<\/li>\n<li>Bundesweite Eins\u00e4tze aus Wilhelmshaven<\/li>\n<\/ul>\n<p style=\"text-align: left;\"><strong>Kontaktieren Sie uns<\/strong><\/p>\n<p>Vertrauen Sie auf WuW Wach- und Werkschutz GmbH &#8211; Ihre Experten f\u00fcr Werkschutz und Sicherheit in Wilhelmshaven und bundesweit<\/p>\n<p>Ihre Sicherheit ist nur einen Anruf entfernt.<\/p>\n<\/div><\/div><\/div><\/div><\/div><\/div><\/section>\n","protected":false},"excerpt":{"rendered":"","protected":false},"author":1,"featured_media":0,"parent":0,"menu_order":0,"comment_status":"closed","ping_status":"closed","template":"","meta":{"footnotes":""},"class_list":["post-13","page","type-page","status-publish","hentry"],"_links":{"self":[{"href":"https:\/\/wachundwerkschutz.de\/index.php?rest_route=\/wp\/v2\/pages\/13","targetHints":{"allow":["GET"]}}],"collection":[{"href":"https:\/\/wachundwerkschutz.de\/index.php?rest_route=\/wp\/v2\/pages"}],"about":[{"href":"https:\/\/wachundwerkschutz.de\/index.php?rest_route=\/wp\/v2\/types\/page"}],"author":[{"embeddable":true,"href":"https:\/\/wachundwerkschutz.de\/index.php?rest_route=\/wp\/v2\/users\/1"}],"replies":[{"embeddable":true,"href":"https:\/\/wachundwerkschutz.de\/index.php?rest_route=%2Fwp%2Fv2%2Fcomments&post=13"}],"version-history":[{"count":0,"href":"https:\/\/wachundwerkschutz.de\/index.php?rest_route=\/wp\/v2\/pages\/13\/revisions"}],"wp:attachment":[{"href":"https:\/\/wachundwerkschutz.de\/index.php?rest_route=%2Fwp%2Fv2%2Fmedia&parent=13"}],"curies":[{"name":"wp","href":"https:\/\/api.w.org\/{rel}","templated":true}]}}